{"id":478,"date":"2014-09-08T18:24:32","date_gmt":"2014-09-08T17:24:32","guid":{"rendered":"http:\/\/latryade.fr\/site\/?page_id=478"},"modified":"2021-10-11T18:25:21","modified_gmt":"2021-10-11T17:25:21","slug":"mentions-legales","status":"publish","type":"page","link":"https:\/\/latryade.fr\/site\/mentions-legales\/","title":{"rendered":"Mentions L\u00e9gales"},"content":{"rendered":"<p>[et_pb_section fb_built=\u00a0\u00bb1&Prime; admin_label=\u00a0\u00bbsection\u00a0\u00bb _builder_version=\u00a0\u00bb3.22&Prime; global_colors_info=\u00a0\u00bb{}\u00a0\u00bb][et_pb_row admin_label=\u00a0\u00bbrow\u00a0\u00bb _builder_version=\u00a0\u00bb3.25&Prime; background_size=\u00a0\u00bbinitial\u00a0\u00bb background_position=\u00a0\u00bbtop_left\u00a0\u00bb background_repeat=\u00a0\u00bbrepeat\u00a0\u00bb global_colors_info=\u00a0\u00bb{}\u00a0\u00bb][et_pb_column type=\u00a0\u00bb4_4&Prime; _builder_version=\u00a0\u00bb3.25&Prime; custom_padding=\u00a0\u00bb|||\u00a0\u00bb global_colors_info=\u00a0\u00bb{}\u00a0\u00bb custom_padding__hover=\u00a0\u00bb|||\u00a0\u00bb][et_pb_text admin_label=\u00a0\u00bbText\u00a0\u00bb _builder_version=\u00a0\u00bb3.27.4&Prime; background_size=\u00a0\u00bbinitial\u00a0\u00bb background_position=\u00a0\u00bbtop_left\u00a0\u00bb background_repeat=\u00a0\u00bbrepeat\u00a0\u00bb global_colors_info=\u00a0\u00bb{}\u00a0\u00bb]<\/p>\n<h2><span style=\"color: #e40d1a;\"><strong>Mentions L\u00e9gales<\/strong><\/span><\/h2>\n<h2>Directrice de Publication<\/h2>\n<p>Pour toute question relative au fonctionnement du site, vous pouvez nous contacter \u00e0 l\u2019adresse suivante Mail : <i>contact@latryade.fr<\/i><\/p>\n<h2>Donn\u00e9es personnelles<\/h2>\n<p>En application de la loi n\u00b078-17 du 6 janvier 1978 relative \u00e0 l\u2019informatique, aux fichiers et aux libert\u00e9s, vous disposez des droits d\u2019opposition (art.26 de la loi), d\u2019acc\u00e8s (art.34 \u00e0 38 de la loi), et de rectification (art.36 de la loi) des donn\u00e9es vous concernant. Ainsi, vous pouvez exiger que soient rectifi\u00e9es, compl\u00e9t\u00e9es, clarifi\u00e9es, mises \u00e0 jour ou effac\u00e9es les informations vous concernant qui sont inexactes, incompl\u00e8tes, \u00e9quivoques, p\u00e9rim\u00e9es ou dont la collecte ou l\u2019utilisation, la communication ou la conservation est interdite.<\/p>\n<h2>H\u00e9bergement<\/h2>\n<p>Ce site est h\u00e9berg\u00e9 chez OVH, SAS au capital de 500 000 \u20ac domicil\u00e9e : 140, Quai du Sartel, 59100 ROUBAIX T\u00e9l : 08 20 32 03 63 424 761 419 RCS Roubaix \u2013 Tourcoing SIRET : 424 761 419 0001<\/p>\n<p>[\/et_pb_text][\/et_pb_column][\/et_pb_row][\/et_pb_section]<\/p>\n","protected":false},"excerpt":{"rendered":"<p>Mentions L\u00e9gales Directrice de Publication Pour toute question relative au fonctionnement du site, vous pouvez nous contacter \u00e0 l\u2019adresse suivante Mail : contact@latryade.fr Donn\u00e9es personnelles En application de la loi n\u00b078-17 du 6 janvier 1978 relative \u00e0 l\u2019informatique, aux fichiers et aux libert\u00e9s, vous disposez des droits d\u2019opposition (art.26 de la loi), d\u2019acc\u00e8s (art.34 \u00e0 [&hellip;]<\/p>\n","protected":false},"author":2,"featured_media":0,"parent":0,"menu_order":20,"comment_status":"closed","ping_status":"closed","template":"","meta":{"_et_pb_use_builder":"on","_et_pb_old_content":"[vc_row title=\"Mentions L\u00e9gales\" title_size=\"super\" title_align=\"left\" title_underline=\"underline\" swatch=\"swatch-red-white\" top_decoration=\"triangle-inverted\" bottom_decoration=\"left-slope\"][vc_column width=\"1\/1\"][vc_column_text]\r\n<h2>Directrice de Publication<\/h2>\r\nPour toute question relative au fonctionnement du site, vous pouvez nous contacter \u00e0 l\u2019adresse suivante Mail : <i>contact@latryade.fr<\/i>\r\n<h2>Donn\u00e9es personnelles<\/h2>\r\nEn application de la loi n\u00b078-17 du 6 janvier 1978 relative \u00e0 l\u2019informatique, aux fichiers et aux libert\u00e9s, vous disposez des droits d\u2019opposition (art.26 de la loi), d\u2019acc\u00e8s (art.34 \u00e0 38 de la loi), et de rectification (art.36 de la loi) des donn\u00e9es vous concernant. Ainsi, vous pouvez exiger que soient rectifi\u00e9es, compl\u00e9t\u00e9es, clarifi\u00e9es, mises \u00e0 jour ou effac\u00e9es les informations vous concernant qui sont inexactes, incompl\u00e8tes, \u00e9quivoques, p\u00e9rim\u00e9es ou dont la collecte ou l\u2019utilisation, la communication ou la conservation est interdite.\r\n<h2>H\u00e9bergement<\/h2>\r\nCe site est h\u00e9berg\u00e9 chez OVH, SAS au capital de 500 000 \u20ac domicil\u00e9e : 140, Quai du Sartel, 59100 ROUBAIX T\u00e9l : 08 20 32 03 63 424 761 419 RCS Roubaix \u2013 Tourcoing SIRET : 424 761 419 0001[\/vc_column_text][\/vc_column][\/vc_row]","_et_gb_content_width":"","footnotes":""},"class_list":["post-478","page","type-page","status-publish","hentry"],"aioseo_notices":[],"_links":{"self":[{"href":"https:\/\/latryade.fr\/site\/wp-json\/wp\/v2\/pages\/478","targetHints":{"allow":["GET"]}}],"collection":[{"href":"https:\/\/latryade.fr\/site\/wp-json\/wp\/v2\/pages"}],"about":[{"href":"https:\/\/latryade.fr\/site\/wp-json\/wp\/v2\/types\/page"}],"author":[{"embeddable":true,"href":"https:\/\/latryade.fr\/site\/wp-json\/wp\/v2\/users\/2"}],"replies":[{"embeddable":true,"href":"https:\/\/latryade.fr\/site\/wp-json\/wp\/v2\/comments?post=478"}],"version-history":[{"count":8,"href":"https:\/\/latryade.fr\/site\/wp-json\/wp\/v2\/pages\/478\/revisions"}],"predecessor-version":[{"id":1293,"href":"https:\/\/latryade.fr\/site\/wp-json\/wp\/v2\/pages\/478\/revisions\/1293"}],"wp:attachment":[{"href":"https:\/\/latryade.fr\/site\/wp-json\/wp\/v2\/media?parent=478"}],"curies":[{"name":"wp","href":"https:\/\/api.w.org\/{rel}","templated":true}]}}